 + 4*c. Calculate the highest common divisor of q and v.
13
Let w(m) = m**3 + 6*m**2 - 6*m + 8. Let b be w(-7). Let t be 53 + (-3 - -4*b). Calculate the highest common factor of 18 and t.
18
Let g be (-27)/(-4) - (-8)/32. Calculate the highest common divisor of g and 77.
7
Let j = 70 + -32. Calculate the greatest common divisor of j and 95.
19
Let w(d) = d**3 - d**2 - 2*d + 6. Let z be w(5). Let g = -42 + z. What is the greatest common divisor of g and 18?
18
Let c = 53 + 292. Suppose -c = -3*z - 30. What is the greatest common divisor of 21 and z?
21
Let n(l) = l**3 - 13*l**2 + 13*l + 4. Let b be n(12). Suppose 84 = 3*p + 15. Let y = p - b. What is the greatest common factor of 77 and y?
7
Let w be 2/8 - (-542)/8. Suppose -4*z = 2*k - 58, -2*k = 3*z + 3*k - 26. What is the greatest common divisor of w and z?
17
Let g(k) = 17*k - 3. Let t be g(-3). Let d be (9/(-6))/(3/t). What is the greatest common factor of 18 and d?
9
Let b(w) = -w**3 - 6*w**2 + 10*w + 12. Let x be b(-8). What is the highest common factor of 20 and x?
20
Suppose 0 = -7*a + 5*a. Let q(r) = r**3 - r**2 + r + 120. Let i be q(a). Suppose z - 2*z + i = 0. What is the greatest common factor of 24 and z?
24
Let v(w) = w + 6. Let h = -18 - -28. Let b be v(h). Let n = 4 - -20. What is the greatest common divisor of b and n?
8
Suppose 3*f = -3*u - 18, 3 = -5*u + f - 9. Let b be -2 - -4*u/(-3). Let j(s) = 48*s**2 - 3*s + 1. Let g be j(b). What is the greatest common factor of 17 and g?
17
Let g be (3 - 3) + 31 - 1. Calculate the greatest common divisor of g and 30.
30
Let k(l) = -l - 4. Let m be k(-4). Suppose 4*f - w = -m*f + 21, 19 = f - 3*w. Let i = 1 - -3. Calculate the greatest common divisor of f and i.
4
Let b(l) = -l**2 + 13*l - 36. Let c be b(6). What is the highest common divisor of c and 6?
6
Suppose 3*b = 360 - 114. Let h = 14 + b. What is the greatest common factor of h and 24?
24
Let s(c) = c - 2. Let b be (-2 - (-1)/(-4))*-4. Let u be s(b). What is the greatest common factor of 7 and u?
7
Let l be (3 - 2 - 3)*-58. What is the highest common divisor of 29 and l?
29
Suppose -5*w + 20 = 5*h, -w - 2*w + 18 = 5*h. Calculate the highest common divisor of 3 and h.
3
Let n be ((-121)/(-2))/((-7)/(-84)). Suppose -2*r + r + 228 = 5*j, j = -3*r + n. Let g = r + -147. Calculate the greatest common divisor of 12 and g.
12
Suppose 4*m - 57 - 55 = 0. Calculate the highest common divisor of 28 and m.
28
Let w(g) = g**2 + 6*g - 3. Let j(v) = -2*v + 5. Let q be j(6). Let d be w(q). Calculate the highest common factor of 20 and d.
4
Let w(i) = -i**3 + i**2 + 72. Let t be w(0). Let v = -7 + 15. Calculate the greatest common divisor of v and t.
8
Suppose 2*i = 2*l + 4*i, 4 = 5*l + 3*i. Suppose -v - 3*n + 8 = 0, -2*v + 19 = -l*n + 3. What is the greatest common factor of v and 8?
8
Let w = -19 + 21. Let p(s) = -7*s + 1. Let i be p(-3). What is the highest common factor of w and i?
2
Let q(r) = r**2 + 5*r + 4. Let j be q(-5). Suppose -m + 27 = 5*t - 53, -m + j*t + 62 = 0. What is the greatest common factor of 10 and m?
10
Let k be (-3)/(1*(-1)/14). Suppose 3*n - 6 = -u - 12, -2*u + 2*n = -20. Calculate the greatest common divisor of u and k.
6
Let p(m) = 33*m**3 - m**2 + 2*m. Let z be p(1). Calculate the greatest common factor of 17 and z.
17
Let p be ((-11)/(-3) + -3)/(5/60). What is the greatest common divisor of p and 24?
8
Let j = 119 + -19. Calculate the highest common divisor of j and 40.
20
Suppose -5*c + 15 = -10*c. Let a = c + 16. Calculate the greatest common factor of a and 104.
13
Suppose 0 = 12*s - 137 - 79. What is the greatest common divisor of s and 126?
18
Suppose -2*j - 16 = b, -2*j - 3*b - 2*b = 16. Let u be (j + 12)*9/4. What is the greatest common factor of 27 and u?
9
Let g(m) = 2*m - 6. Let s be g(4). Suppose s*t + 2*t = 88. What is the greatest common factor of t and 11?
11
Suppose -2*p + 5*p - 45 = -q, p - 45 = -q. Suppose 12 = 2*v + s, v - 5*v + 4*s + 12 = 0. What is the highest common factor of v and q?
5
Let f be -3 + 1 + 0 + 3. Suppose 4*y + 99 = -3*b, -3*y = -3*b - 100 + f. Let j = 57 + b. Calculate the greatest common divisor of 16 and j.
8
Let f(o) = -o**3 - 8*o**2 - 6*o + 10. Let p be f(-7). Let l = 284 - 260. What is the greatest common factor of p and l?
3
Let j be 1/(-3) - (-1845)/27. Calculate the greatest common factor of 102 and j.
34
Suppose 5*a = 2*m - 2, 3*a - 5 = 7. Let g(s) = -s**2 + s + 3. Let o be g(3). Let k be (2 + o)*99*-1. Calculate the greatest common factor of k and m.
11
Let a(z) = -47*z + 6. Let m be a(-2). Calculate the highest common divisor of m and 250.
50
Let l be (-492)/(-9) - (-2)/6. Let m(y) = 3*y**2 + 12*y + 14. Let g be m(-3). Calculate the highest common divisor of l and g.
5
Suppose 0 = 5*v + 2*m - 28, -5*v + 0*m - 3*m + 27 = 0. Let f(u) = u**2 - 10*u - 9. Let i be f(12). Calculate the greatest common factor of i and v.
3
Let l = -29 - -65. Let j = l + -20. Calculate the greatest common factor of 16 and j.
16
Let r(h) = 2*h - 2. Let m be r(7). Calculate the greatest common factor of 18 and m.
6
Let b = 16 + 8. Calculate the highest common factor of 3 and b.
3
Let t be 14/21 - (-183)/9. What is the highest common divisor of t and 231?
21
Let s be (-6 + 3)/((-3)/2). Calculate the greatest common factor of 18 and s.
2
Let b = 7 + -5. Suppose 3*t - v = 64, 4*t + v - 36 = b*t. Let k be (-1)/(3 - t/6). Calculate the greatest common factor of k and 2.
1
Let l be (-69)/2*(7 + -9). Suppose -l = -5*y + 31. Calculate the greatest common factor of 220 and y.
20
Suppose 0 = -7*z + 11*z - 140. Calculate the greatest common factor of 14 and z.
7
Let o = -82 - -138. Let y(d) = d**3 - d**2 + d + 14. Let k be y(0). Calculate the greatest common factor of k and o.
14
Suppose -4*k + 23 = z, 3*z - 2*k - 81 = 30. Suppose 0 = -w - 3*p - 5, 4*p - 75 = -4*w - 63. Calculate the greatest common factor of w and z.
7
Let r be 6/(-4)*4*-2. Let z = 25 - r. Suppose 4*k + 2*q - 56 = 0, 2*k = -3*q - 8 + 40. Calculate the highest common factor of z and k.
13
Suppose -5*h + i + 0*i + 22 = 0, 2*h - 1 = 3*i. What is the greatest common divisor of 35 and h?
5
Suppose -c - 5*d = -3, -3*c = -3*d + 4 - 31. What is the highest common divisor of c and 40?
8
Let k(x) = x**3 - 3*x**2 - 4*x + 1. Let a be k(4). Let z be (42/(-15))/((-8)/20). Calculate the highest common divisor of a and z.
1
Let i = 28 + -13. Calculate the highest common factor of i and 75.
15
Let u = -20 + 95. What is the highest common factor of 50 and u?
25
Suppose 6 = f + 2*s, 3*f + 3*s - 42 + 9 = 0. What is the highest common factor of 2 and f?
2
Let x = 30 + -20. Let c be ((-84)/35)/((-2)/x). Suppose 3*z + 156 - 440 = 2*k, -2*z + 194 = k. Calculate the greatest common divisor of c and z.
12
Let s(k) = 21*k + 6. Let n be s(4). What is the greatest common divisor of 10 and n?
10
Let b(z) = -15*z**3 + z**2 + z + 1. Let j be b(-1). Calculate the greatest common factor of 144 and j.
16
Let t be 13220/45 - (-2)/9. Suppose 0 = -5*b + 2226 + t. Suppose 0*m - 5*m - 3*g = -b, -m + g + 96 = 0. Calculate the greatest common divisor of m and 11.
11
Suppose 39 = -0*p + p. What is the highest common divisor of 26 and p?
13
Let q(p) = 4*p**2 + 4*p - 3. Let u be q(4). Suppose 5*o = 4*j - 3*j - 21, -2*j = 3*o - 16. What is the greatest common divisor of j and u?
11
Let z be 32/2*(-141)/(-12). Suppose 5*b + 23 = z. Let x be 1/(-2) - b/(-6). Calculate the greatest common divisor of 1 and x.
1
Suppose 3*p + 3 = 0, 0 = -y - 2*y + 5*p + 113. What is the greatest common factor of 48 and y?
12
Let u = -1 - -25. Suppose 3*s = -l + 4*l, u = l + 5*s. What is the highest common factor of l and 32?
4
Suppose -85 = 5*w - 6*w. What is the greatest common divisor of 34 and w?
17
Let v(i) = i**2 + 2*i - 3. Let c be v(-4). Suppose -2*q + 693 + 757 = 0. Suppose c*t - 210 = q. What is the greatest common divisor of 17 and t?
17
Suppose 2*d + 36 = 4*l, 7*l = 2*l - d + 52. Let g be 32/(3 - l/4). Suppose -8 = -2*c, p - 5*p + g = 4*c. What is the highest common divisor of p and 108?
12
Suppose -19 = -4*a + 5. What is the highest common divisor of 54 and a?
6
Let m(k) = k**3 + 6*k**2 - 9*k + 1. Let s be m(-7). Calculate the highest common divisor of s and 105.
15
Suppose 0 = -5*n + 5. Let q = 3 + n. Let c be 1/q - (-152)/32. Calculate th